of m and l.
12
Let c be ((-2)/(-4) + (-25)/(-10))*1. Suppose -4*d - h + 13 + 32 = 0, -c*h = 4*d - 55. What is the highest common factor of 2 and d?
2
Let t(a) = -a**3 + 2 + 3*a + 2*a - 20*a + 7*a**2 + 5*a. Let o be t(5). Suppose -14 = -4*k + o. What is the highest common divisor of 16 and k?
4
Let d be 20/((-28)/(-8) - 3). Let h = d - 7. Let b = 37 - h. Calculate the greatest common factor of b and 44.
4
Suppose 4*k + 2*x - 782 = 0, -63*x - 12 = -59*x. What is the greatest common factor of 3743 and k?
197
Suppose -2*f = -7*f + 190. Let w = f - 31. Let l = 245 - 168. Calculate the highest common divisor of l and w.
7
Let s(f) = -f**3 - 3*f - 4. Let t be s(-2). Let j be 15/t*-3*32/(-9). Let a be (j/(-4))/8 - 132/(-8). Calculate the highest common divisor of 4 and a.
4
Suppose -11 - 1 = -2*y. Suppose -4*x = -4*q - 596, -y*q = -4*x - 4*q + 604. Let b = 904 + -887. Calculate the greatest common factor of b and x.
17
Let a be (-9)/(54/(-84)) + 1448. Calculate the highest common factor of 102 and a.
34
Let g be (708/59 - 3*1/3)/1. Let q be ((-183)/(-9))/((-3)/(-18)). Let y be q + (-2)/((-6)/(-3)). What is the greatest common factor of g and y?
11
Suppose 22 = a - 2. Let m be (12/(-15) - 0)*245/(-14). Let b = m + -6. Calculate the highest common factor of a and b.
8
Let g(u) = 23*u + 2480. Let z be g(-88). Calculate the greatest common factor of z and 282.
6
Suppose 0 = -h + 4*r + 123, -504 = -0*h - 4*h + 4*r. Suppose -y = -0*y + 88. Let s = y + h. Calculate the greatest common factor of 26 and s.
13
Suppose -231*k + 35*k - 15734 + 86882 = 0. Calculate the highest common factor of 132 and k.
33
Suppose 12 = n - 3*n, 3*i - 96 = 4*n. Calculate the greatest common divisor of 393 and i.
3
Suppose 6*i = 46 + 38. Let r be 1 + 6 - 1 - (-12 + i). Suppose -u = 3*u - r*k - 108, 0 = -5*u - 5*k + 105. What is the greatest common factor of u and 2?
2
Let l(b) = b**2 + 146*b - 62*b + 8 - 74*b. Let f be l(-10). Calculate the greatest common divisor of 12 and f.
4
Suppose 4*c = 5*c - 1, o + 2*c = 4. Suppose -3*m = -o*y + 10, -2*y + 1 + 3 = 0. Let q be (192/(-56))/(m/14). What is the highest common divisor of 60 and q?
12
Suppose -110 = -0*x - x. Suppose -2*j = 2*p - 120, 232*p = 228*p + 5*j + 294. What is the greatest common factor of x and p?
22
Let j(y) = 2*y**3 + 13*y**2 + 33*y + 296. Let f be j(-7). Calculate the highest common divisor of 4096 and f.
16
Let q(a) be the first derivative of 47*a + 32 + 3/2*a**2. Let p be q(-14). What is the greatest common factor of p and 45?
5
Suppose -4*s = -5*b - 208, s = 3*s - b - 104. Suppose 3*m = -i + 193, -2*m = -i + 3*m + 233. Calculate the highest common factor of i and s.
52
Suppose 0 = 73*d + 85*d - 5077 - 611. What is the greatest common factor of d and 4356?
36
Suppose l - 1122 = -4*a, 5*l - 3*l - 4*a - 2184 = 0. Calculate the greatest common divisor of 133 and l.
19
Let s(m) = m**3 + 30*m**2 - 60*m + 223. Let d be s(-32). Calculate the greatest common factor of 95 and d.
95
Suppose 4*i - 5359 = -41*z + 46*z, i - 2*z = 1345. Calculate the highest common divisor of 11 and i.
11
Suppose 4*q + 23 = -f + 33, -5*f + 18 = 4*q. Let j(b) = -b**3 - 8*b**2 - 11*b - 16. Let d be j(-7). What is the greatest common divisor of q and d?
2
Let b be 1111005/54 - (-38)/(-228). What is the highest common divisor of b and 324?
162
Let c = -1642 - -1774. What is the highest common factor of c and 2673?
33
Let d be (-450)/(-2)*(-4216)/(-340). Calculate the greatest common factor of d and 150.
30
Suppose 4*h - 1024 = -4*c, 32*h - 27*h = -4*c + 1280. Suppose 0 = -i + h - 245. Calculate the greatest common divisor of 649 and i.
11
Let m be (-15 - (2 - -1))/((-3)/12). Suppose -m = 7*u - 4*u. Let x be -4*1/u - (-166)/12. What is the highest common factor of 21 and x?
7
Suppose -5*s - 47*s + 12*s = 12*s - 3588. Suppose 1188 = 3*k + 5*j, 2*j + 1561 = 4*k + j. What is the highest common factor of k and s?
23
Suppose 17 + 25 = 3*i. Suppose 1 = -3*f - a, 5 = -0*a + a. Let x be (-56)/f*((-55)/(-10))/11. Calculate the greatest common factor of i and x.
14
Suppose -3*w - 64 = -5*t, -9 = -3*w - 3. Calculate the greatest common factor of t and 70.
14
Suppose 685 = 2*v + 3*c - 227, v - 4*c = 434. What is the highest common divisor of v and 20?
10
Let i be 85 + (-2 - 4) + 0*(-2)/6. Calculate the greatest common divisor of 553 and i.
79
Let p(b) = b**3 - 81*b**2 + 74*b + 522. Let w be p(80). Calculate the greatest common divisor of 21602 and w.
14
Suppose -11*a = 2*r - 12*a - 261, 3*r + 2*a = 388. What is the greatest common divisor of 4524 and r?
26
Let h(t) = 4*t**3 + t**2 + 3*t - 3. Let g be h(2). Let w be (-32)/(-8) - 6/3. Let u be 7 + 160/25 - w/5. Calculate the greatest common factor of u and g.
13
Let u = -636 - -651. What is the greatest common factor of u and 480?
15
Suppose 0 = -y - 3*r + 85, 24*y = 29*y + 5*r - 475. Suppose -10 - 15 = -5*q. What is the greatest common divisor of y and q?
5
Suppose -20*u + 4185 = -10855. Calculate the greatest common factor of 32 and u.
16
Suppose 13*u - 31 - 125 = 0. Let l(h) = -6*h + 1. Let d be l(0). Suppose 6*y + d = 73. What is the greatest common factor of y and u?
12
Suppose u + 1179 - 3696 = -5*d, 3*d - 5*u - 1499 = 0. Suppose d = 8*w + 135. Calculate the greatest common divisor of w and 253.
23
Let q(h) = 14*h**2 + 4*h + 12. Let t be q(-4). Suppose t = 9*b - 5. Calculate the highest common factor of b and 275.
25
Let s = 8821 - 8657. Calculate the greatest common divisor of 3034 and s.
82
Let k(g) = -g**2 - 54*g + 1492. Let r be k(20). Calculate the greatest common divisor of 1516 and r.
4
Let p be 196*297/(-1155)*20/(-6) + 1. What is the greatest common factor of 1599 and p?
13
Let i = -457 - -103. Let x = i - -1238. What is the highest common divisor of x and 34?
34
Let q(i) = i**3 + 15*i**2 - 16*i + 15. Suppose -9*b - 66 = 78. Let l be q(b). Suppose 0 = 18*h - l*h - 216. What is the greatest common divisor of h and 36?
36
Suppose -6*x = -10*x + 3*g + 69, 0 = g + 3. Suppose -373 = x*n - 1543. Calculate the highest common factor of 117 and n.
39
Suppose 3 = 2*v - 17. Suppose -12*q = -0*q - 1044. Let i be (-9 - -11)*6/4 + q. What is the highest common factor of v and i?
10
Suppose 11*x = 58 + 844. Suppose -x = -5*j + 328. Suppose -5*g = -5*y + 27 - j, -49 = -5*g + 3*y. What is the highest common factor of 12 and g?
4
Suppose 0 = 2*v - 4*v + 208. Let z(x) = x**3 - 116*x**2 - 2*x + 245. Let o be z(116). What is the highest common divisor of o and v?
13
Let n be (20/150 + 2/(-15))/(-1). Suppose n = -s + 5*x + 54 + 168, 2*s + x = 499. Calculate the highest common divisor of 38 and s.
19
Suppose -3*y + 36 = -2*l, -9*y + 11 = -7*y + 3*l. Let s = 110 + -70. Let k be (s/y)/(2*1/6). What is the highest common factor of 132 and k?
12
Let h(d) = d**2 + 62*d + 19. Let z(f) = -f**2 - 41*f - 13. Let k(g) = -5*h(g) - 7*z(g). Let c be k(12). Calculate the greatest common factor of c and 184.
8
Let z(x) = 21*x. Let u be z(4). Let w be (-992)/(-36) + 21/108 + (-1)/(-4). What is the greatest common divisor of u and w?
28
Suppose -3*c - 7*c - 30 = 0. Let m be (c - -403) + (-2 + 0 - -2). Calculate the highest common factor of m and 16.
16
Suppose 95*l - 2639065 - 1434060 = 0. What is the greatest common divisor of 125 and l?
125
Let g(f) be the third derivative of -3*f**4/4 + 3*f**3 - 4*f**2 - 7. Let d be g(-4). What is the greatest common factor of 18 and d?
18
Suppose 14*z = 1106 - 210. Let h = 192 - 190. What is the greatest common divisor of h and z?
2
Let f = 74 + -33. Suppose 0 = f*i - 849 - 381. Calculate the greatest common factor of i and 18.
6
Let z be 12/(-2) - (4800/(-144))/((-4)/(-18)). Calculate the highest common divisor of 752 and z.
16
Suppose -z = 4*w - 3341, 49*w - 54*w + 3340 = z. What is the highest common factor of z and 15?
15
Let o(x) = -24*x**3 - 3*x + 22. Let q be o(3). Let g = -437 - q. Calculate the greatest common factor of 90 and g.
18
Let k = 34464 + -34458. What is the highest common factor of 17382 and k?
6
Suppose 0*s - 11*s - 4708 = 0. Let p = 441 + s. Calculate the greatest common factor of 338 and p.
13
Let s be 15/18 - 115434/(-1188). Suppose 4*a - 224 = -0*a. What is the highest common factor of a and s?
14
Let i be 2/(-10) - 36/(-120)*64. Let l be 1674/8 + (-4)/16. What is the grea